{"id":258,"date":"2019-03-19T12:04:56","date_gmt":"2019-03-19T12:04:56","guid":{"rendered":"https:\/\/cbesfc.pt\/?page_id=258"},"modified":"2019-03-19T12:22:22","modified_gmt":"2019-03-19T12:22:22","slug":"centro-de-convivio","status":"publish","type":"page","link":"https:\/\/cbesfc.pt\/en\/centro-de-convivio\/","title":{"rendered":"social center"},"content":{"rendered":"<div class=\"wp-block-image\"><figure class=\"aligncenter\"><img loading=\"lazy\" decoding=\"async\" width=\"2336\" height=\"4160\" src=\"https:\/\/cbesfc.pt\/wp-content\/uploads\/2019\/03\/exterior-min.jpg\" alt=\"\" class=\"wp-image-274\" srcset=\"https:\/\/cbesfc.pt\/wp-content\/uploads\/2019\/03\/exterior-min.jpg 2336w, https:\/\/cbesfc.pt\/wp-content\/uploads\/2019\/03\/exterior-min-168x300.jpg 168w, https:\/\/cbesfc.pt\/wp-content\/uploads\/2019\/03\/exterior-min-768x1368.jpg 768w, https:\/\/cbesfc.pt\/wp-content\/uploads\/2019\/03\/exterior-min-575x1024.jpg 575w\" sizes=\"auto, (max-width: 2336px) 100vw, 2336px\" \/><\/figure><\/div>\n\n\n\n<p>O Centro de Conv\u00edvio, doravante designado por CC, destina-se \u00e0 popula\u00e7\u00e3o s\u00e9nior aut\u00f3noma ou semiaut\u00f3noma que se mant\u00eam no seu meio s\u00f3cio familiar e relativamente ativa na sua comunidade. Aqui se desenvolvem atividades ocupacionais e de desenvolvimento pessoal (l\u00fadico-recreativas, culturais, sociais, intelectuais\/ formativas, espirituais e\/ou religiosas, desportivas e festivas), que t\u00eam como objetivo promover o conv\u00edvio e combater o isolamento, Inclui ainda uma &nbsp;refei\u00e7\u00e3o (lanche) e &nbsp;transporte.<\/p>\n\n\n\n<p>Hor\u00e1rio: das 14 \u00e0s 16.30, nos dias \u00fateis.<\/p>\n\n\n\n<p>Esta resposta social tem apoio da Seguran\u00e7a social.<\/p>","protected":false},"excerpt":{"rendered":"<p>O Centro de Conv\u00edvio, doravante designado por CC, destina-se \u00e0 popula\u00e7\u00e3o s\u00e9nior aut\u00f3noma ou semiaut\u00f3noma que se mant\u00eam no seu meio s\u00f3cio familiar e relativamente ativa na sua comunidade. Aqui se desenvolvem atividades ocupacionais e de desenvolvimento pessoal (l\u00fadico-recreativas, culturais, sociais, intelectuais\/ formativas, espirituais e\/ou religiosas, desportivas e festivas), que t\u00eam como objetivo promover o [&hellip;]<\/p>\n","protected":false},"author":2,"featured_media":0,"parent":0,"menu_order":0,"comment_status":"closed","ping_status":"closed","template":"","meta":{"footnotes":""},"class_list":["post-258","page","type-page","status-publish","hentry"],"_links":{"self":[{"href":"https:\/\/cbesfc.pt\/en\/wp-json\/wp\/v2\/pages\/258","targetHints":{"allow":["GET"]}}],"collection":[{"href":"https:\/\/cbesfc.pt\/en\/wp-json\/wp\/v2\/pages"}],"about":[{"href":"https:\/\/cbesfc.pt\/en\/wp-json\/wp\/v2\/types\/page"}],"author":[{"embeddable":true,"href":"https:\/\/cbesfc.pt\/en\/wp-json\/wp\/v2\/users\/2"}],"replies":[{"embeddable":true,"href":"https:\/\/cbesfc.pt\/en\/wp-json\/wp\/v2\/comments?post=258"}],"version-history":[{"count":7,"href":"https:\/\/cbesfc.pt\/en\/wp-json\/wp\/v2\/pages\/258\/revisions"}],"predecessor-version":[{"id":279,"href":"https:\/\/cbesfc.pt\/en\/wp-json\/wp\/v2\/pages\/258\/revisions\/279"}],"wp:attachment":[{"href":"https:\/\/cbesfc.pt\/en\/wp-json\/wp\/v2\/media?parent=258"}],"curies":[{"name":"wp","href":"https:\/\/api.w.org\/{rel}","templated":true}]}}

<div class="wp-block-image"><figure class="aligncenter"><img loading="lazy" decoding="async" width="2336" height="4160" src="https://cbesfc.pt/wp-content/uploads/2019/03/exterior-min.jpg" alt="" class="wp-image-274" srcset="https://cbesfc.pt/wp-content/uploads/2019/03/exterior-min.jpg 2336w, https://cbesfc.pt/wp-content/uploads/2019/03/exterior-min-168x300.jpg 168w, https://cbesfc.pt/wp-content/uploads/2019/03/exterior-min-768x1368.jpg 768w, https://cbesfc.pt/wp-content/uploads/2019/03/exterior-min-575x1024.jpg 575w" sizes="auto, (max-width: 2336px) 100vw, 2336px" /></figure></div>



<p>O Centro de Convívio, doravante designado por CC, destina-se à população sénior autónoma ou semiautónoma que se mantêm no seu meio sócio familiar e relativamente ativa na sua comunidade. Aqui se desenvolvem atividades ocupacionais e de desenvolvimento pessoal (lúdico-recreativas, culturais, sociais, intelectuais/ formativas, espirituais e/ou religiosas, desportivas e festivas), que têm como objetivo promover o convívio e combater o isolamento, Inclui ainda uma &nbsp;refeição (lanche) e &nbsp;transporte.</p>



<p>Horário: das 14 às 16.30, nos dias úteis.</p>



<p>Esta resposta social tem apoio da Segurança social.</p>

<p>O Centro de Convívio, doravante designado por CC, destina-se à população sénior autónoma ou semiautónoma que se mantêm no seu meio sócio familiar e relativamente ativa na sua comunidade. Aqui se desenvolvem atividades ocupacionais e de desenvolvimento pessoal (lúdico-recreativas, culturais, sociais, intelectuais/ formativas, espirituais e/ou religiosas, desportivas e festivas), que têm como objetivo promover o [&hellip;]</p>
