{"id":15,"date":"2018-03-25T20:38:00","date_gmt":"2018-03-25T20:38:00","guid":{"rendered":"https:\/\/cbesfc.pt\/?page_id=15"},"modified":"2020-12-15T14:44:30","modified_gmt":"2020-12-15T14:44:30","slug":"quem-somos","status":"publish","type":"page","link":"https:\/\/cbesfc.pt\/en\/quem-somos\/","title":{"rendered":"Who we are"},"content":{"rendered":"<h2>A institui\u00e7\u00e3o<\/h2>\n<p>O Centro de Bem Estar Social da Freguesia de Coz [CBESFC] \u00e9 uma Institui\u00e7\u00e3o Particular de Solidariedade Social fundada 26\/10\/1989, com sede na Rua das Barrias, sessenta e cinco, na localidade de Coz, Uni\u00e3o de Freguesias de Coz, Alpedriz e Montes, Concelho de Alcoba\u00e7a. As suas respostas sociais s\u00e3o: Centro de Dia, Centro de Conv\u00edvio e Servi\u00e7o de Apoio Domicili\u00e1rio [SAD], cujo acordo de coopera\u00e7\u00e3o celebrado com o centro Distrital \u00a0de Seguran\u00e7a Social de Leiria data de 07\/09\/2006.<\/p>\n<h2>Parceiros<\/h2>\n<p>Camara Municipal de Alcoba\u00e7a;<br \/>Junta de freguesia Coz, Alpedriz e Montes;<br \/>VdA &#8211; Vieira de Almeida;<br \/>Farm\u00e1cia de Coz;<\/p>\n<h2>Miss\u00e3o<\/h2>\n<p><em>O nosso prop\u00f3sito \u00e9 inspirar as pessoas que trabalham e colaboram nesta Institui\u00e7\u00e3o a actuarem de uma forma \u00edntegra, aplicando os mais correctos padr\u00f5es de conduta. Promover a presta\u00e7\u00e3o de servi\u00e7os de apoio \u00e0 comunidade que garantam a satisfa\u00e7\u00e3o das necessidades b\u00e1sicas e consequentemente o Bem-estar dos clientes, fam\u00edlias e colaboradores.<\/em><\/p>\n<h2>Vis\u00e3o<\/h2>\n<p>Ser uma Institui\u00e7\u00e3o de referencia pela sua capacidade de implementa\u00e7\u00e3o de politicas sociais, de inova\u00e7\u00e3o e sustentabilidade, sempre ao servi\u00e7o da vida e da pessoa humana.<\/p>\n<h2>Valores<\/h2>\n<p><em>Pautamo-nos por valores como:<\/em><\/p>\n<ul>\n<li><em>Servi\u00e7o Publico<\/em><\/li>\n<li><em>Imparcialidade e Isen\u00e7\u00e3o<\/em><\/li>\n<li><em>Responsabilidade<\/em><\/li>\n<li><em>Profissionalismo e Valoriza\u00e7\u00e3o Pessoal<\/em><\/li>\n<li><em>Integridade<\/em><\/li>\n<\/ul>\n\n\n<p><\/p>\n","protected":false},"excerpt":{"rendered":"<p>A institui\u00e7\u00e3o O Centro de Bem Estar Social da Freguesia de Coz [CBESFC] \u00e9 uma Institui\u00e7\u00e3o Particular de Solidariedade Social fundada 26\/10\/1989, com sede na Rua das Barrias, sessenta e cinco, na localidade de Coz, Uni\u00e3o de Freguesias de Coz, Alpedriz e Montes, Concelho de Alcoba\u00e7a. As suas respostas sociais s\u00e3o: Centro de Dia, Centro [&hellip;]<\/p>\n","protected":false},"author":2,"featured_media":0,"parent":0,"menu_order":1,"comment_status":"closed","ping_status":"closed","template":"","meta":{"footnotes":""},"class_list":["post-15","page","type-page","status-publish","hentry"],"_links":{"self":[{"href":"https:\/\/cbesfc.pt\/en\/wp-json\/wp\/v2\/pages\/15","targetHints":{"allow":["GET"]}}],"collection":[{"href":"https:\/\/cbesfc.pt\/en\/wp-json\/wp\/v2\/pages"}],"about":[{"href":"https:\/\/cbesfc.pt\/en\/wp-json\/wp\/v2\/types\/page"}],"author":[{"embeddable":true,"href":"https:\/\/cbesfc.pt\/en\/wp-json\/wp\/v2\/users\/2"}],"replies":[{"embeddable":true,"href":"https:\/\/cbesfc.pt\/en\/wp-json\/wp\/v2\/comments?post=15"}],"version-history":[{"count":6,"href":"https:\/\/cbesfc.pt\/en\/wp-json\/wp\/v2\/pages\/15\/revisions"}],"predecessor-version":[{"id":574,"href":"https:\/\/cbesfc.pt\/en\/wp-json\/wp\/v2\/pages\/15\/revisions\/574"}],"wp:attachment":[{"href":"https:\/\/cbesfc.pt\/en\/wp-json\/wp\/v2\/media?parent=15"}],"curies":[{"name":"wp","href":"https:\/\/api.w.org\/{rel}","templated":true}]}}

<h2>A instituição</h2>
<p>O Centro de Bem Estar Social da Freguesia de Coz [CBESFC] é uma Instituição Particular de Solidariedade Social fundada 26/10/1989, com sede na Rua das Barrias, sessenta e cinco, na localidade de Coz, União de Freguesias de Coz, Alpedriz e Montes, Concelho de Alcobaça. As suas respostas sociais são: Centro de Dia, Centro de Convívio e Serviço de Apoio Domiciliário [SAD], cujo acordo de cooperação celebrado com o centro Distrital  de Segurança Social de Leiria data de 07/09/2006.</p>
<h2>Parceiros</h2>
<p>Camara Municipal de Alcobaça;<br />Junta de freguesia Coz, Alpedriz e Montes;<br />VdA &#8211; Vieira de Almeida;<br />Farmácia de Coz;</p>
<h2>Missão</h2>
<p><em>O nosso propósito é inspirar as pessoas que trabalham e colaboram nesta Instituição a actuarem de uma forma íntegra, aplicando os mais correctos padrões de conduta. Promover a prestação de serviços de apoio à comunidade que garantam a satisfação das necessidades básicas e consequentemente o Bem-estar dos clientes, famílias e colaboradores.</em></p>
<h2>Visão</h2>
<p>Ser uma Instituição de referencia pela sua capacidade de implementação de politicas sociais, de inovação e sustentabilidade, sempre ao serviço da vida e da pessoa humana.</p>
<h2>Valores</h2>
<p><em>Pautamo-nos por valores como:</em></p>
<ul>
<li><em>Serviço Publico</em></li>
<li><em>Imparcialidade e Isenção</em></li>
<li><em>Responsabilidade</em></li>
<li><em>Profissionalismo e Valorização Pessoal</em></li>
<li><em>Integridade</em></li>
</ul>


<p></p>

<p>A instituição O Centro de Bem Estar Social da Freguesia de Coz [CBESFC] é uma Instituição Particular de Solidariedade Social fundada 26/10/1989, com sede na Rua das Barrias, sessenta e cinco, na localidade de Coz, União de Freguesias de Coz, Alpedriz e Montes, Concelho de Alcobaça. As suas respostas sociais são: Centro de Dia, Centro [&hellip;]</p>
